e greatest common factor of q and 50.
25
Suppose -216*l - 1512 = -223*l. What is the highest common divisor of l and 24?
24
Let c be 6/(-14) + 34/14. Suppose -2*m + 4*s = -68, -c*m - 5*s + 39 = -38. Calculate the highest common divisor of m and 24.
12
Suppose 532 = -57*j + 64*j. What is the greatest common divisor of j and 171?
19
Let x be 10/(-4)*(-232)/20. Let f = -20 + x. What is the highest common factor of 27 and f?
9
Let o be (-3)/(-4 - (-20)/8). Let p(m) = -6*m**o + 6 + 4*m + 0*m**2 - m**3 + 0*m**2. Let a be p(-7). What is the highest common factor of 216 and a?
27
Suppose j = 4*w + 12, 2*j + 5*w + 1 - 12 = 0. What is the greatest common factor of j and 12?
4
Suppose -2*c = -6, 3*y + 1084 = -5*c + 3790. What is the highest common factor of 138 and y?
69
Let b be ((-168)/(-21))/((-2)/(-4)). Let q be 4 + (b/(-4) - -9). Let f be (2 + 0)/((-6)/(-9)). What is the highest common factor of q and f?
3
Suppose -k - 2*a + 132 = -4*a, -408 = -3*k + 3*a. Suppose -s = 5*w - 132, -4*w - w = 5*s - k. Calculate the greatest common factor of w and 130.
26
Suppose -28 = -3*w + 8. Let g = w - 8. Suppose -8*z + 8 = -4*z. What is the highest common factor of g and z?
2
Let q be -2 - (-4 - -1*(-1 - -3)). Suppose -4*g + q*r + r = -910, 2*g + 4*r - 464 = 0. What is the greatest common factor of g and 12?
12
Let z(p) = 2*p + 27. Let c be z(-13). Suppose -g + c = -7. Calculate the highest common divisor of g and 64.
8
Let d be (3010/(-60) - (-1)/6)/(-2). Let p = -8 + 133. What is the greatest common factor of d and p?
25
Let v = -42 - -55. Let j(m) = 19*m - 95. Let g be j(v). Calculate the highest common factor of 8 and g.
8
Suppose -2*b = -x + 355, 5*x - 1261 - 562 = -2*b. Let l = 829 + -796. What is the highest common divisor of x and l?
33
Let n(b) = -b**2 + 11*b + 2. Let i be n(6). Let o be ((-3)/(-2))/(15/(-180)). Let f = i + o. What is the greatest common divisor of f and 42?
14
Let q be 150/39 + (-2)/(-13). Suppose -5*g = -o - q*o - 25, -3*g + 17 = -o. Suppose 7*n - 72 = 3*n. What is the highest common factor of g and n?
6
Let z = -226 - -304. What is the highest common divisor of 26 and z?
26
Let b = 384 + -259. Let o = 76 + -51. What is the greatest common divisor of o and b?
25
Let s be (-8)/14*-7*(-94)/(-8). What is the greatest common divisor of s and 470?
47
Suppose -315 = -8*k + 317. Suppose -201 = -7*u + k. What is the greatest common divisor of 5 and u?
5
Suppose -60*b - 16590 = -65*b. Calculate the greatest common factor of 42 and b.
42
Suppose 11*n - 107 = -8. What is the greatest common divisor of n and 18?
9
Suppose 5*z - 6*z = -2*m - 883, 4*z - 4*m = 3548. What is the highest common factor of z and 33?
33
Suppose -2*s = o - 86 - 169, 4*s - 1251 = -5*o. Calculate the greatest common divisor of o and 209.
19
Let n be (289 + 6)*4/10. Let j = 176 - n. Let q = j + -34. Calculate the greatest common divisor of 16 and q.
8
Let q be (-2)/6 - (-2)/6. Suppose q = -2*j + 3*b - 4, 3*b - 4 - 3 = -j. Let p be 56 - j - (11 - 8). What is the highest common factor of p and 13?
13
Let l = 326 - 304. Calculate the highest common factor of l and 66.
22
Let v be (1458/36)/((-1)/(-2)). Suppose -11*r = -7*r - 216. Calculate the greatest common divisor of r and v.
27
Let w = 126 + -69. Calculate the highest common factor of 912 and w.
57
Let p(i) = i**3 - 3*i**2 - 2*i - 5. Let s be p(4). Suppose 1206 = 5*b - 2*j, -3*j + 734 = s*b + j. Calculate the highest common factor of 22 and b.
22
Suppose -5*d = -9*d + 28. Suppose -52 = 3*j - d*j. What is the highest common divisor of j and 52?
13
Suppose 2*l + 3*r - 11 = 0, 5 = 3*r + 14. Let z = 78 - -72. Suppose 0 = -0*i + 3*i - z. Calculate the highest common factor of i and l.
10
Let c be 0*5/10*-1. Suppose 63 = 3*t - 3*m, 2*m + 2*m + 16 = c. Calculate the greatest common divisor of t and 51.
17
Suppose -20 - 20 = -5*i. Suppose 140 = -o + i*o. What is the highest common divisor of 10 and o?
10
Let t(m) = m**2 + 13*m + 2. Let i(w) = w - 1. Let b(n) = -5*i(n) + t(n). Let k be b(-8). Let u = -11 + 46. What is the greatest common divisor of u and k?
7
Suppose 0 = -2*x - 3*x - 5, -5*a - x - 21 = 0. Let i be (10/a)/((-2)/4). Let p = 4 + -3. Calculate the greatest common factor of i and p.
1
Let m be (3 - (-5 + -78)) + 4. Calculate the greatest common divisor of 36 and m.
18
Let i be (-2 - -1)/((-10)/80). Suppose 4*a = -2*o + i + 50, 5*o + 2*a - 137 = 0. Calculate the greatest common factor of 3 and o.
3
Let g(f) = f**3 - f**2 - 5*f + 1. Let u be g(5). Let r = u + -70. What is the greatest common divisor of r and 48?
6
Let o be (3 - 9) + 15 - (-4)/1. Calculate the highest common factor of 65 and o.
13
Let r(s) = -s + 4*s**2 - 3*s**3 + 2*s**2 + 6*s**3 + 2 - 4*s**3. Let g be r(6). Let a be g/(-2*4/16). What is the highest common divisor of a and 88?
8
Let x(s) = -44*s**2 - 16*s + 8. Let q(g) = -11*g**2 - 4*g + 2. Let r(j) = 22*q(j) - 6*x(j). Let f be r(-5). Calculate the highest common divisor of 46 and f.
46
Suppose -5*d = -j - 12, -3*d - 20 = -8*d + 5*j. Suppose -19 - 31 = -5*x. Calculate the highest common factor of d and x.
2
Let c(u) = 2*u**2 + 7*u - 72. Let q be c(-10). Calculate the highest common divisor of 377 and q.
29
Let m = 15 - -7. Suppose 99 = l + 2*l. Calculate the highest common factor of l and m.
11
Let q be 9/6*(-264)/(-36). What is the highest common factor of q and 759?
11
Let y = -1115 + 1919. What is the highest common divisor of 12 and y?
12
Let l = -126 - -171. Calculate the greatest common divisor of 45 and l.
45
Let v = -280 - -291. Let q be 9/(-3) - 80/(-1). What is the greatest common factor of q and v?
11
Let n be 2159/5 - (-4)/20. Let z be n/42 + (-4)/14. Let w be (-4)/z + (-204)/(-10). Calculate the highest common factor of w and 60.
20
Suppose 0*o + 3542 = 14*o. Let d = o - 43. Calculate the highest common factor of d and 42.
42
Suppose 2*f - 175 = -5*f. Suppose -30*c = -f*c - 520. What is the highest common divisor of c and 13?
13
Let r be (18 + (-510)/20)*-2. Let m = 61 - 11. Suppose 0 = a - 3*k - m - 7, 4*a - 5*k = 235. What is the highest common factor of a and r?
15
Let b be 35*-4*5/(-20). Suppose -1 = -6*t + b. What is the greatest common divisor of 18 and t?
6
Let a be ((-14)/4 - 1/2)*-1. Suppose a*c = 7*c - 297. Let h(t) = 7*t**2 + 3. Let r be h(3). What is the greatest common factor of r and c?
33
Let n(m) = 7*m + 2. Let c be n(2). Calculate the greatest common divisor of c and 20.
4
Let w be 58 - 23 - 8/(-1). What is the greatest common divisor of w and 43?
43
Suppose -2*u + 52 - 18 = 0. Let j = u + -5. What is the greatest common factor of j and 42?
6
Let a(r) = -18*r + 4. Let x be a(6). Let p = -52 - x. Calculate the highest common factor of p and 13.
13
Let f(a) be the first derivative of a**3/3 + a - 6. Let t be f(3). Calculate the highest common factor of t and 50.
10
Suppose -5*s + 530 = -4*i, 5*s - 3*i - 469 - 61 = 0. What is the greatest common divisor of 742 and s?
106
Let t be (-100)/(-12)*12/5. What is the highest common factor of t and 15?
5
Let h(l) = -l**2 + 60*l - 569. Let i be h(44). Suppose 0 = -5*z + z + 20. Let j = z - -10. What is the greatest common factor of i and j?
15
Suppose 0 = 5*m - 3*u - 2441 + 423, 3*u + 3 = 0. What is the highest common divisor of m and 39?
13
Let x = 9 - -39. Let v be (-3)/2*(10/(-3) - -2). Let i be (3/(-12) - v)/((-9)/48). Calculate the highest common divisor of i and x.
12
Suppose -8*r + 84 = -12. Calculate the highest common factor of r and 36.
12
Let y(h) = -8*h - 4. Let x be y(-8). Suppose 2*n - 4*v - 72 = 0, -2*n - 13*v = -14*v - 72. Calculate the highest common divisor of n and x.
12
Suppose 26*d - 2170 = -5*d. What is the greatest common factor of d and 120?
10
Let m(p) = -p**3 - 7*p**2 - 6*p + 1. Let s be m(-7). Let t be (-86)/(((-6)/9)/(((-98)/21)/(-7))). What is the greatest common divisor of s and t?
43
Let a be ((-160)/25 - -3)*-5. Let y = 137 + 50. What is the highest common divisor of a and y?
17
Let l(f) = -2*f**2 + f + 4. Let z be l(-4). Suppose -17*q = -16*q + 19. Let v = q - z. Calculate the greatest common factor of v and 104.
13
Let d(l) = l**3 - 11*l**2 + 9*l + 16. Let a be d(10). What is the greatest common factor of a and 27?
3
Suppose 0 = 168*i - 178*i + 530. What is the highest common factor of 3551 and i?
53
Le